{"id":988,"date":"2021-01-05T16:29:03","date_gmt":"2021-01-05T22:29:03","guid":{"rendered":"https:\/\/duwest.com\/?post_type=product&#038;p=988"},"modified":"2022-10-07T16:08:56","modified_gmt":"2022-10-07T16:08:56","slug":"liquid-feed","status":"publish","type":"product","link":"https:\/\/duwest.com\/honduras\/product\/liquid-feed\/","title":{"rendered":"Liquid Feed"},"content":{"rendered":"<div id='title-bg'  class='avia-section main_color avia-section-small avia-no-border-styling  avia-bg-style-scroll  avia-builder-el-0  el_before_av_section  avia-builder-el-first   container_wrap fullsize' style='background-color: #35a211;  '  ><div class='container' ><main  role=\"main\" itemprop=\"mainContentOfPage\"  class='template-page content  av-content-full alpha units'><div class='post-entry post-entry-type-page post-entry-988'><div class='entry-content-wrapper clearfix'>\n<div  style='padding-bottom:0px; color:#ffffff;' class='av-special-heading av-special-heading-h2 custom-color-heading blockquote modern-quote modern-centered  avia-builder-el-1  avia-builder-el-no-sibling  '><h2 class='av-special-heading-tag '  itemprop=\"headline\"  >Nuestros Productos<\/h2><div class='special-heading-border'><div class='special-heading-inner-border' style='border-color:#ffffff'><\/div><\/div><\/div>\n\n<\/div><\/div><\/main><!-- close content main element --><\/div><\/div><div id='body-product'  class='avia-section main_color avia-section-small avia-no-border-styling  avia-bg-style-scroll  avia-builder-el-2  el_after_av_section  avia-builder-el-last   container_wrap fullsize' style=' '  ><div class='container' ><div class='template-page content  av-content-full alpha units'><div class='post-entry post-entry-type-page post-entry-988'><div class='entry-content-wrapper clearfix'>\n<div class='flex_column_table av-equal-height-column-flextable -flextable' ><div class=\"flex_column av_one_half  flex_column_table_cell av-equal-height-column av-align-middle av-zero-column-padding first  avia-builder-el-3  el_before_av_one_half  avia-builder-el-first  \" style='border-radius:0px; '><div  class='avia-image-container  av-styling-    avia-builder-el-4  avia-builder-el-no-sibling  avia-align-center '  itemprop=\"image\" itemscope=\"itemscope\" itemtype=\"https:\/\/schema.org\/ImageObject\"  ><div class='avia-image-container-inner'><div class='avia-image-overlay-wrap'><img class='wp-image-3020 avia-img-lazy-loading-not-3020 avia_image' src=\"https:\/\/duwest.com\/honduras\/wp-content\/uploads\/sites\/6\/2021\/01\/Liquid_Feed-300x300.jpeg\" alt='' title='Liquid_Feed' height=\"300\" width=\"300\"  itemprop=\"thumbnailUrl\" srcset=\"https:\/\/duwest.com\/honduras\/wp-content\/uploads\/sites\/6\/2021\/01\/Liquid_Feed-300x300.jpeg 300w, https:\/\/duwest.com\/honduras\/wp-content\/uploads\/sites\/6\/2021\/01\/Liquid_Feed-80x80.jpeg 80w, https:\/\/duwest.com\/honduras\/wp-content\/uploads\/sites\/6\/2021\/01\/Liquid_Feed-768x768.jpeg 768w, https:\/\/duwest.com\/honduras\/wp-content\/uploads\/sites\/6\/2021\/01\/Liquid_Feed-36x36.jpeg 36w, https:\/\/duwest.com\/honduras\/wp-content\/uploads\/sites\/6\/2021\/01\/Liquid_Feed-180x180.jpeg 180w, https:\/\/duwest.com\/honduras\/wp-content\/uploads\/sites\/6\/2021\/01\/Liquid_Feed-705x705.jpeg 705w, https:\/\/duwest.com\/honduras\/wp-content\/uploads\/sites\/6\/2021\/01\/Liquid_Feed.jpeg 1000w\" sizes=\"(max-width: 300px) 100vw, 300px\" \/><\/div><\/div><\/div><\/div><div class='av-flex-placeholder'><\/div><div class=\"flex_column av_one_half  flex_column_table_cell av-equal-height-column av-align-middle av-zero-column-padding   avia-builder-el-5  el_after_av_one_half  avia-builder-el-last  \" style='border-radius:0px; '><section class=\"av_textblock_section \"  itemscope=\"itemscope\" itemtype=\"https:\/\/schema.org\/CreativeWork\" ><div class='avia_textblock  '   itemprop=\"text\" ><h3>LIQUID FEED<\/h3>\n<p><strong>DESCRIPCI\u00d3N:<\/strong><\/p>\n<p>LIQUID FEED Es una l\u00ednea de f\u00f3rmulas y correctores l\u00edquidos altamente concentrados, sin contaminantes ni sedimentos, ideales para sistemas de irrigaci\u00f3n y aspersi\u00f3n, libres de elementos nocivos con alta compatibilidad con plaguicidas y ben\u00e9ficos al medio ambiente por sus caracter\u00edsticas org\u00e1nicas.<\/p>\n<p>Cada Formula de Liquid Feed ha sido desarrollada para utilizarse en forma correctiva cuando las deficiencias y da\u00f1os causados por la carencia de los diferentes elementos org\u00e1nicos o inorg\u00e1nicos son evidentes, y as\u00ed puedan las plantas desarrollar sus procesos biol\u00f3gicos normalmente.<\/p>\n<p><strong>F\u00d3RMULAS:<\/strong><\/p>\n<p>Liquid Feed \u00c1cidos H\u00famicos y F\u00falvicos<br \/>\nLiquid Feed Amino\u00e1cidos<br \/>\nLiquid Feed Calcio Boro<br \/>\nLiquid Feed Fosfito K<br \/>\nLiquid Feed F\u00f3sforo<br \/>\nLiquid Feed Magnesio<br \/>\nLiquid Feed Potasio<br \/>\nLiquid Feed Wuxal 8-8-6<br \/>\nLiquid Feed Zinc<\/p>\n<p><strong>PRESENTACIONES:<\/strong><\/p>\n<p>1L, 5L, 20L, 200L<\/p>\n<p><strong>CULTIVOS:<\/strong><\/p>\n<p>Arroz, Ma\u00edz, Soya, Trigo, Arveja, Br\u00f3coli, Coliflor, Repollo, Cebolla, Chile, Papa, Pepino, Mel\u00f3n, Sand\u00eda, Tomate, Zanahoria, Aguacate, Mango, C\u00edtricos, Banano, Pl\u00e1tano, Papaya, Pi\u00f1a.<\/p>\n<\/div><\/section><br \/>\n<div  style='height:30px' class='hr hr-invisible   avia-builder-el-7  el_after_av_textblock  el_before_av_button '><span class='hr-inner ' ><span class='hr-inner-style'><\/span><\/span><\/div><br \/>\n<div  class='avia-button-wrap avia-button-left  avia-builder-el-8  el_after_av_hr  el_before_av_button ' ><a href='https:\/\/duwest.com\/cotizar\/?producto=Nutrex L'  class='avia-button  avia-color-theme-color   avia-icon_select-no avia-size-small avia-position-left '   ><span class='avia_iconbox_title' >Pide m\u00e1s informaci\u00f3n de este producto aqu\u00ed.<\/span><\/a><\/div><br \/>\n<div  class='avia-button-wrap avia-button-left  avia-builder-el-9  el_after_av_button  avia-builder-el-last ' ><a href='https:\/\/duwest.com\/wp-content\/uploads\/2021\/02\/Cata\u0301logo-Duwest-2021-Guatemala.pdf' class='avia-button   avia-icon_select-yes-left-icon avia-size-small avia-position-left ' target=\"_blank\" rel=\"noopener noreferrer\" style='background-color:#0071bc; border-color:#0071bc; color:#ffffff; '><span class='avia_button_icon avia_button_icon_left ' aria-hidden='true' data-av_icon='\ue82d' data-av_iconfont='entypo-fontello'><\/span><span class='avia_iconbox_title' >Ver Panfleto<\/span><\/a><\/div><\/p><\/div><\/div><!--close column table wrapper. Autoclose: 1 -->\n","protected":false},"excerpt":{"rendered":"","protected":false},"author":2,"featured_media":2256,"parent":0,"menu_order":0,"comment_status":"open","ping_status":"open","template":"","format":"standard","meta":[],"protecciondecultivos":[191],"_links":{"self":[{"href":"https:\/\/duwest.com\/honduras\/wp-json\/wp\/v2\/product\/988"}],"collection":[{"href":"https:\/\/duwest.com\/honduras\/wp-json\/wp\/v2\/product"}],"about":[{"href":"https:\/\/duwest.com\/honduras\/wp-json\/wp\/v2\/types\/product"}],"author":[{"embeddable":true,"href":"https:\/\/duwest.com\/honduras\/wp-json\/wp\/v2\/users\/2"}],"replies":[{"embeddable":true,"href":"https:\/\/duwest.com\/honduras\/wp-json\/wp\/v2\/comments?post=988"}],"version-history":[{"count":1,"href":"https:\/\/duwest.com\/honduras\/wp-json\/wp\/v2\/product\/988\/revisions"}],"predecessor-version":[{"id":3022,"href":"https:\/\/duwest.com\/honduras\/wp-json\/wp\/v2\/product\/988\/revisions\/3022"}],"wp:featuredmedia":[{"embeddable":true,"href":"https:\/\/duwest.com\/honduras\/wp-json\/wp\/v2\/media\/2256"}],"wp:attachment":[{"href":"https:\/\/duwest.com\/honduras\/wp-json\/wp\/v2\/media?parent=988"}],"wp:term":[{"taxonomy":"protecciondecultivos","embeddable":true,"href":"https:\/\/duwest.com\/honduras\/wp-json\/wp\/v2\/protecciondecultivos?post=988"}],"curies":[{"name":"wp","href":"https:\/\/api.w.org\/{rel}","templated":true}]}}